{"id":224,"date":"2023-07-28T01:55:28","date_gmt":"2023-07-27T23:55:28","guid":{"rendered":"https:\/\/masdeserra.cat\/blog\/?page_id=224"},"modified":"2023-07-28T02:31:27","modified_gmt":"2023-07-28T00:31:27","slug":"informacio-detallada-sobre-proteccio-de-dades","status":"publish","type":"page","link":"https:\/\/masdeserra.cat\/blog\/informacio-detallada-sobre-proteccio-de-dades\/","title":{"rendered":"INFORMACI\u00d3 DETALLADA SOBRE PROTECCI\u00d3 DE DADES"},"content":{"rendered":"\n<p>A JOAN CA\u00d1ELLAS GATELL li hem sol\u00b7licitat que ens comuniqu\u00e9s algunes de les seves dades personals per poder donar curs a la relaci\u00f3 que mantenim ambdues parts, i per poder realitzar altres tasques relacionades. Tal com estableix el Reglament General de Protecci\u00f3 de Dades, des de la nostra entitat li oferim la seg\u00fcent informaci\u00f3 detallada sobre la nostra Pol\u00edtica de Privacitat i Protecci\u00f3 de Dades:<\/p>\n\n\n\n<p><strong>Qui \u00e9s el Responsable del tractament de les seves dades? <\/strong><\/p>\n\n\n\n<figure class=\"wp-block-table\"><table><tbody><tr><td>Ra\u00f3 social: <\/td><td>JOAN CA\u00d1ELLAS GATELL<\/td><\/tr><tr><td>CIF:<\/td><td>39840851K<\/td><\/tr><tr><td>Adre\u00e7a: <\/td><td>C\/ HOSPITAL 32<br>43470 LA SELVA DEL CAMP \u2013 TARRAGONA<\/td><\/tr><tr><td>Persona de contacte:<\/td><td>JOAN CA\u00d1ELLAS GATELL<\/td><\/tr><tr><td>Tel\u00e8fon:<\/td><td>977269065<\/td><\/tr><tr><td>Correu electr\u00f2nic:<\/td><td><a href=\"mailto:info@masdeserra.com\">info@masdeserra.com<\/a><\/td><\/tr><\/tbody><\/table><\/figure>\n\n\n\n<p><strong>Amb quina finalitat tractem les seves dades personals?<\/strong><\/p>\n\n\n\n<p>A JOAN CA\u00d1ELLAS GATELL tractem les seves dades personals amb la finalitat de gestionar la relaci\u00f3 establerta entre vost\u00e8 i la nostra entitat. Amb la finalitat de millorar i facilitar aquesta relaci\u00f3 i la seva pr\u00f2pia gesti\u00f3, \u00e9s possible que generem amb les seves dades algun tipus de perfil que es consideri convenient per a la citada finalitat. En cap cas es prendran decisions automatitzades en base a aquest perfil.<\/p>\n\n\n\n<p><strong>Per quant temps conservarem les seves dades? <\/strong><\/p>\n\n\n\n<p>JOAN CA\u00d1ELLAS GATELL conservar\u00e0 les seves dades mentre es mantingui en vigor la relaci\u00f3 establerta entre ambdues parts. Un cop aquesta s&#8217;extingeixi, la nostra organitzaci\u00f3 conservar\u00e0 les seves dades mentre hi hagin obligacions legals que ens obliguin a aix\u00f2. Un cop prescrits aquests terminis legals, la seva informaci\u00f3 es cancel\u00b7lar\u00e0.<\/p>\n\n\n\n<p><strong>Quina \u00e9s la legitimaci\u00f3 per al tractament de les seves dades? <\/strong><\/p>\n\n\n\n<p>Les bases legals que legitimen el tractament de les seves dades per part de la nostra organitzaci\u00f3 s\u00f3n: &#8211; El tractament \u00e9s necessari per a l&#8217;execuci\u00f3 d&#8217;un contracte en qu\u00e8 l&#8217;interessat \u00e9s part o per a l&#8217;aplicaci\u00f3 a petici\u00f3 d&#8217;aquest de mesures precontractuals. &#8211; El tractament \u00e9s necessari per al compliment d&#8217;una obligaci\u00f3 legal aplicable al responsable del tractament.<\/p>\n\n\n\n<p><strong>A quins destinataris es comunicaran les seves dades? <\/strong><\/p>\n\n\n\n<p>Nom\u00e9s cedim les seves dades a entitats i\/o professionals que col\u00b7laboren amb nosaltres d&#8217;acord amb les bases legals que legitimen el tractament i que hem relacionat en l&#8217;apartat anterior. No existeix cap altre tipus de cessi\u00f3 de dades ni tan sols a efectes de conservaci\u00f3.<\/p>\n\n\n\n<p><strong>Quins s\u00f3n els seus drets quan ens facilita les seves dades?<\/strong><\/p>\n\n\n\n<p>Vost\u00e8 o qualsevol altra persona teniu dret a obtenir confirmaci\u00f3 sobre si a JOAN CA\u00d1ELLAS GATELL estem tractant dades personals que us concerneixin, o no. Les persones interessades tenen dret a accedir a les seves dades personals, aix\u00ed com a sol\u00b7licitar la rectificaci\u00f3 de les dades inexactes o, si escau, sol\u00b7licitar la seva supressi\u00f3 quan, entre altres motius, les dades ja no siguin necess\u00e0ries per als fins que van ser recollides. En determinades circumst\u00e0ncies, els interessats podran sol\u00b7licitar la limitaci\u00f3 del tractament de les seves dades, en aquest cas nom\u00e9s els conservarem per a l&#8217;exercici o la defensa de reclamacions. En determinades circumst\u00e0ncies i per motius relacionats amb la seva situaci\u00f3 particular, els interessats podran oposar-se al tractament de les seves dades. JOAN CA\u00d1ELLAS GATELL deixar\u00e0 de tractar les dades, llevat per motius leg\u00edtims imperiosos, o l&#8217;exercici o la defensa de possibles reclamacions. La sol\u00b7licitud d&#8217;exercici de drets ha d&#8217;anar acompanyada d&#8217;una c\u00f2pia del DNI o document acreditatiu equivalent.<\/p>\n\n\n\n<p><strong>Com hem obtingut les seves dades? <\/strong><\/p>\n\n\n\n<p>Les dades personals que tractem a JOAN CA\u00d1ELLAS GATELL ens les ha proporcionat vost\u00e8 lliurement i provenen de diverses fonts totes directament relacionades amb la prestaci\u00f3 dels serveis que ens ha sol\u00b7licitat que li prestem i per al manteniment normal d&#8217;una comunicaci\u00f3 fluida entre ambdues parts. Les categories de dades que es tracten s\u00f3n:<\/p>\n\n\n\n<p><strong>Identificatius:<\/strong><\/p>\n\n\n\n<ul class=\"wp-block-list\">\n<li>Nom i Cognoms.<\/li>\n\n\n\n<li>Adre\u00e7a postal.<\/li>\n\n\n\n<li>DNI\/NIF\/CIF<\/li>\n\n\n\n<li>Tel\u00e8fons.<\/li>\n\n\n\n<li>Adre\u00e7a de correu electr\u00f2nic.<\/li>\n\n\n\n<li>Signatura. <\/li>\n<\/ul>\n\n\n\n<p><strong>Dades banc\u00e0ries: <\/strong><\/p>\n\n\n\n<p>Totes les necess\u00e0ries per a la gesti\u00f3 i\/o domiciliaci\u00f3 de cobraments i pagaments, com n\u00famero de compte bancari, targetes de cr\u00e8dit\/ d\u00e8bit, mitjans de pagament electr\u00f2nics i\/o virtuals i altres mitjans de pagament.<\/p>\n\n\n\n<p><strong>Categories de dades especials:<\/strong><\/p>\n\n\n\n<ul class=\"wp-block-list\">\n<li>No es tracten categories especials. <\/li>\n<\/ul>\n\n\n\n<p><strong>Altres tipus de dades:<\/strong><\/p>\n\n\n\n<ul class=\"wp-block-list\">\n<li>No es tracten altres tipus de dades.<\/li>\n<\/ul>\n","protected":false},"excerpt":{"rendered":"<p>A JOAN CA\u00d1ELLAS GATELL li hem sol\u00b7licitat que ens comuniqu\u00e9s algunes de les seves dades personals per poder donar curs a la relaci\u00f3 que mantenim ambdues parts, i per poder realitzar altres tasques relacionades. Tal com estableix el Reglament General de Protecci\u00f3 de Dades, des de la nostra entitat li oferim la seg\u00fcent informaci\u00f3 detallada [&hellip;]<\/p>\n","protected":false},"author":1,"featured_media":0,"parent":0,"menu_order":0,"comment_status":"closed","ping_status":"closed","template":"page-templates\/full-width.php","meta":{"footnotes":""},"class_list":["post-224","page","type-page","status-publish","hentry"],"yoast_head":"<!-- This site is optimized with the Yoast SEO plugin v27.3 - https:\/\/yoast.com\/product\/yoast-seo-wordpress\/ -->\n<title>INFORMACI\u00d3 DETALLADA SOBRE PROTECCI\u00d3 DE DADES - Blog del Mas de Serra.<\/title>\n<meta name=\"robots\" content=\"noindex, nofollow\" \/>\n<meta property=\"og:locale\" content=\"ca_ES\" \/>\n<meta property=\"og:type\" content=\"article\" \/>\n<meta property=\"og:title\" content=\"INFORMACI\u00d3 DETALLADA SOBRE PROTECCI\u00d3 DE DADES - Blog del Mas de Serra.\" \/>\n<meta property=\"og:description\" content=\"A JOAN CA\u00d1ELLAS GATELL li hem sol\u00b7licitat que ens comuniqu\u00e9s algunes de les seves dades personals per poder donar curs a la relaci\u00f3 que mantenim ambdues parts, i per poder realitzar altres tasques relacionades. Tal com estableix el Reglament General de Protecci\u00f3 de Dades, des de la nostra entitat li oferim la seg\u00fcent informaci\u00f3 detallada [&hellip;]\" \/>\n<meta property=\"og:url\" content=\"https:\/\/masdeserra.cat\/blog\/informacio-detallada-sobre-proteccio-de-dades\/\" \/>\n<meta property=\"og:site_name\" content=\"Blog del Mas de Serra.\" \/>\n<meta property=\"article:modified_time\" content=\"2023-07-28T00:31:27+00:00\" \/>\n<meta name=\"twitter:card\" content=\"summary_large_image\" \/>\n<meta name=\"twitter:label1\" content=\"Temps estimat de lectura\" \/>\n\t<meta name=\"twitter:data1\" content=\"4 minuts\" \/>\n<script type=\"application\/ld+json\" class=\"yoast-schema-graph\">{\"@context\":\"https:\\\/\\\/schema.org\",\"@graph\":[{\"@type\":\"WebPage\",\"@id\":\"https:\\\/\\\/masdeserra.cat\\\/blog\\\/informacio-detallada-sobre-proteccio-de-dades\\\/\",\"url\":\"https:\\\/\\\/masdeserra.cat\\\/blog\\\/informacio-detallada-sobre-proteccio-de-dades\\\/\",\"name\":\"INFORMACI\u00d3 DETALLADA SOBRE PROTECCI\u00d3 DE DADES - Blog del Mas de Serra.\",\"isPartOf\":{\"@id\":\"https:\\\/\\\/masdeserra.cat\\\/blog\\\/#website\"},\"datePublished\":\"2023-07-27T23:55:28+00:00\",\"dateModified\":\"2023-07-28T00:31:27+00:00\",\"breadcrumb\":{\"@id\":\"https:\\\/\\\/masdeserra.cat\\\/blog\\\/informacio-detallada-sobre-proteccio-de-dades\\\/#breadcrumb\"},\"inLanguage\":\"ca\",\"potentialAction\":[{\"@type\":\"ReadAction\",\"target\":[\"https:\\\/\\\/masdeserra.cat\\\/blog\\\/informacio-detallada-sobre-proteccio-de-dades\\\/\"]}]},{\"@type\":\"BreadcrumbList\",\"@id\":\"https:\\\/\\\/masdeserra.cat\\\/blog\\\/informacio-detallada-sobre-proteccio-de-dades\\\/#breadcrumb\",\"itemListElement\":[{\"@type\":\"ListItem\",\"position\":1,\"name\":\"Inici\",\"item\":\"https:\\\/\\\/masdeserra.cat\\\/blog\\\/\"},{\"@type\":\"ListItem\",\"position\":2,\"name\":\"INFORMACI\u00d3 DETALLADA SOBRE PROTECCI\u00d3 DE DADES\"}]},{\"@type\":\"WebSite\",\"@id\":\"https:\\\/\\\/masdeserra.cat\\\/blog\\\/#website\",\"url\":\"https:\\\/\\\/masdeserra.cat\\\/blog\\\/\",\"name\":\"Blog del Mas de Serra.\",\"description\":\"Turisme Rural - Agroturisme - Resid\u00e8ncia Casa de Pag\u00e8s - Cal\u00e7otades\",\"potentialAction\":[{\"@type\":\"SearchAction\",\"target\":{\"@type\":\"EntryPoint\",\"urlTemplate\":\"https:\\\/\\\/masdeserra.cat\\\/blog\\\/?s={search_term_string}\"},\"query-input\":{\"@type\":\"PropertyValueSpecification\",\"valueRequired\":true,\"valueName\":\"search_term_string\"}}],\"inLanguage\":\"ca\"}]}<\/script>\n<!-- \/ Yoast SEO plugin. -->","yoast_head_json":{"title":"INFORMACI\u00d3 DETALLADA SOBRE PROTECCI\u00d3 DE DADES - Blog del Mas de Serra.","robots":{"index":"noindex","follow":"nofollow"},"og_locale":"ca_ES","og_type":"article","og_title":"INFORMACI\u00d3 DETALLADA SOBRE PROTECCI\u00d3 DE DADES - Blog del Mas de Serra.","og_description":"A JOAN CA\u00d1ELLAS GATELL li hem sol\u00b7licitat que ens comuniqu\u00e9s algunes de les seves dades personals per poder donar curs a la relaci\u00f3 que mantenim ambdues parts, i per poder realitzar altres tasques relacionades. Tal com estableix el Reglament General de Protecci\u00f3 de Dades, des de la nostra entitat li oferim la seg\u00fcent informaci\u00f3 detallada [&hellip;]","og_url":"https:\/\/masdeserra.cat\/blog\/informacio-detallada-sobre-proteccio-de-dades\/","og_site_name":"Blog del Mas de Serra.","article_modified_time":"2023-07-28T00:31:27+00:00","twitter_card":"summary_large_image","twitter_misc":{"Temps estimat de lectura":"4 minuts"},"schema":{"@context":"https:\/\/schema.org","@graph":[{"@type":"WebPage","@id":"https:\/\/masdeserra.cat\/blog\/informacio-detallada-sobre-proteccio-de-dades\/","url":"https:\/\/masdeserra.cat\/blog\/informacio-detallada-sobre-proteccio-de-dades\/","name":"INFORMACI\u00d3 DETALLADA SOBRE PROTECCI\u00d3 DE DADES - Blog del Mas de Serra.","isPartOf":{"@id":"https:\/\/masdeserra.cat\/blog\/#website"},"datePublished":"2023-07-27T23:55:28+00:00","dateModified":"2023-07-28T00:31:27+00:00","breadcrumb":{"@id":"https:\/\/masdeserra.cat\/blog\/informacio-detallada-sobre-proteccio-de-dades\/#breadcrumb"},"inLanguage":"ca","potentialAction":[{"@type":"ReadAction","target":["https:\/\/masdeserra.cat\/blog\/informacio-detallada-sobre-proteccio-de-dades\/"]}]},{"@type":"BreadcrumbList","@id":"https:\/\/masdeserra.cat\/blog\/informacio-detallada-sobre-proteccio-de-dades\/#breadcrumb","itemListElement":[{"@type":"ListItem","position":1,"name":"Inici","item":"https:\/\/masdeserra.cat\/blog\/"},{"@type":"ListItem","position":2,"name":"INFORMACI\u00d3 DETALLADA SOBRE PROTECCI\u00d3 DE DADES"}]},{"@type":"WebSite","@id":"https:\/\/masdeserra.cat\/blog\/#website","url":"https:\/\/masdeserra.cat\/blog\/","name":"Blog del Mas de Serra.","description":"Turisme Rural - Agroturisme - Resid\u00e8ncia Casa de Pag\u00e8s - Cal\u00e7otades","potentialAction":[{"@type":"SearchAction","target":{"@type":"EntryPoint","urlTemplate":"https:\/\/masdeserra.cat\/blog\/?s={search_term_string}"},"query-input":{"@type":"PropertyValueSpecification","valueRequired":true,"valueName":"search_term_string"}}],"inLanguage":"ca"}]}},"_links":{"self":[{"href":"https:\/\/masdeserra.cat\/blog\/wp-json\/wp\/v2\/pages\/224","targetHints":{"allow":["GET"]}}],"collection":[{"href":"https:\/\/masdeserra.cat\/blog\/wp-json\/wp\/v2\/pages"}],"about":[{"href":"https:\/\/masdeserra.cat\/blog\/wp-json\/wp\/v2\/types\/page"}],"author":[{"embeddable":true,"href":"https:\/\/masdeserra.cat\/blog\/wp-json\/wp\/v2\/users\/1"}],"replies":[{"embeddable":true,"href":"https:\/\/masdeserra.cat\/blog\/wp-json\/wp\/v2\/comments?post=224"}],"version-history":[{"count":8,"href":"https:\/\/masdeserra.cat\/blog\/wp-json\/wp\/v2\/pages\/224\/revisions"}],"predecessor-version":[{"id":239,"href":"https:\/\/masdeserra.cat\/blog\/wp-json\/wp\/v2\/pages\/224\/revisions\/239"}],"wp:attachment":[{"href":"https:\/\/masdeserra.cat\/blog\/wp-json\/wp\/v2\/media?parent=224"}],"curies":[{"name":"wp","href":"https:\/\/api.w.org\/{rel}","templated":true}]}}

INFORMACIÓ DETALLADA SOBRE PROTECCIÓ DE DADES

<p>A JOAN CAÑELLAS GATELL li hem sol·licitat que ens comuniqués algunes de les seves dades personals per poder donar curs a la relació que mantenim ambdues parts, i per poder realitzar altres tasques relacionades. Tal com estableix el Reglament General de Protecció de Dades, des de la nostra entitat li oferim la següent informació detallada sobre la nostra Política de Privacitat i Protecció de Dades:</p>



<p><strong>Qui és el Responsable del tractament de les seves dades? </strong></p>



<figure class="wp-block-table"><table><tbody><tr><td>Raó social: </td><td>JOAN CAÑELLAS GATELL</td></tr><tr><td>CIF:</td><td>39840851K</td></tr><tr><td>Adreça: </td><td>C/ HOSPITAL 32<br>43470 LA SELVA DEL CAMP – TARRAGONA</td></tr><tr><td>Persona de contacte:</td><td>JOAN CAÑELLAS GATELL</td></tr><tr><td>Telèfon:</td><td>977269065</td></tr><tr><td>Correu electrònic:</td><td><a href="mailto:info@masdeserra.com">info@masdeserra.com</a></td></tr></tbody></table></figure>



<p><strong>Amb quina finalitat tractem les seves dades personals?</strong></p>



<p>A JOAN CAÑELLAS GATELL tractem les seves dades personals amb la finalitat de gestionar la relació establerta entre vostè i la nostra entitat. Amb la finalitat de millorar i facilitar aquesta relació i la seva pròpia gestió, és possible que generem amb les seves dades algun tipus de perfil que es consideri convenient per a la citada finalitat. En cap cas es prendran decisions automatitzades en base a aquest perfil.</p>



<p><strong>Per quant temps conservarem les seves dades? </strong></p>



<p>JOAN CAÑELLAS GATELL conservarà les seves dades mentre es mantingui en vigor la relació establerta entre ambdues parts. Un cop aquesta s&#8217;extingeixi, la nostra organització conservarà les seves dades mentre hi hagin obligacions legals que ens obliguin a això. Un cop prescrits aquests terminis legals, la seva informació es cancel·larà.</p>



<p><strong>Quina és la legitimació per al tractament de les seves dades? </strong></p>



<p>Les bases legals que legitimen el tractament de les seves dades per part de la nostra organització són: &#8211; El tractament és necessari per a l&#8217;execució d&#8217;un contracte en què l&#8217;interessat és part o per a l&#8217;aplicació a petició d&#8217;aquest de mesures precontractuals. &#8211; El tractament és necessari per al compliment d&#8217;una obligació legal aplicable al responsable del tractament.</p>



<p><strong>A quins destinataris es comunicaran les seves dades? </strong></p>



<p>Només cedim les seves dades a entitats i/o professionals que col·laboren amb nosaltres d&#8217;acord amb les bases legals que legitimen el tractament i que hem relacionat en l&#8217;apartat anterior. No existeix cap altre tipus de cessió de dades ni tan sols a efectes de conservació.</p>



<p><strong>Quins són els seus drets quan ens facilita les seves dades?</strong></p>



<p>Vostè o qualsevol altra persona teniu dret a obtenir confirmació sobre si a JOAN CAÑELLAS GATELL estem tractant dades personals que us concerneixin, o no. Les persones interessades tenen dret a accedir a les seves dades personals, així com a sol·licitar la rectificació de les dades inexactes o, si escau, sol·licitar la seva supressió quan, entre altres motius, les dades ja no siguin necessàries per als fins que van ser recollides. En determinades circumstàncies, els interessats podran sol·licitar la limitació del tractament de les seves dades, en aquest cas només els conservarem per a l&#8217;exercici o la defensa de reclamacions. En determinades circumstàncies i per motius relacionats amb la seva situació particular, els interessats podran oposar-se al tractament de les seves dades. JOAN CAÑELLAS GATELL deixarà de tractar les dades, llevat per motius legítims imperiosos, o l&#8217;exercici o la defensa de possibles reclamacions. La sol·licitud d&#8217;exercici de drets ha d&#8217;anar acompanyada d&#8217;una còpia del DNI o document acreditatiu equivalent.</p>



<p><strong>Com hem obtingut les seves dades? </strong></p>



<p>Les dades personals que tractem a JOAN CAÑELLAS GATELL ens les ha proporcionat vostè lliurement i provenen de diverses fonts totes directament relacionades amb la prestació dels serveis que ens ha sol·licitat que li prestem i per al manteniment normal d&#8217;una comunicació fluida entre ambdues parts. Les categories de dades que es tracten són:</p>



<p><strong>Identificatius:</strong></p>



<ul class="wp-block-list">
<li>Nom i Cognoms.</li>



<li>Adreça postal.</li>



<li>DNI/NIF/CIF</li>



<li>Telèfons.</li>



<li>Adreça de correu electrònic.</li>



<li>Signatura. </li>
</ul>



<p><strong>Dades bancàries: </strong></p>



<p>Totes les necessàries per a la gestió i/o domiciliació de cobraments i pagaments, com número de compte bancari, targetes de crèdit/ dèbit, mitjans de pagament electrònics i/o virtuals i altres mitjans de pagament.</p>



<p><strong>Categories de dades especials:</strong></p>



<ul class="wp-block-list">
<li>No es tracten categories especials. </li>
</ul>



<p><strong>Altres tipus de dades:</strong></p>



<ul class="wp-block-list">
<li>No es tracten altres tipus de dades.</li>
</ul>

<p>A JOAN CAÑELLAS GATELL li hem sol·licitat que ens comuniqués algunes de les seves dades personals per poder donar curs a la relació que mantenim ambdues parts, i per poder realitzar altres tasques relacionades. Tal com estableix el Reglament General de Protecció de Dades, des de la nostra entitat li oferim la següent informació detallada [&hellip;]</p>

<!-- This site is optimized with the Yoast SEO plugin v27.3 - https://yoast.com/product/yoast-seo-wordpress/ -->
<title>INFORMACIÓ DETALLADA SOBRE PROTECCIÓ DE DADES - Blog del Mas de Serra.</title>
<meta name="robots" content="noindex, nofollow" />
<meta property="og:locale" content="ca_ES" />
<meta property="og:type" content="article" />
<meta property="og:title" content="INFORMACIÓ DETALLADA SOBRE PROTECCIÓ DE DADES - Blog del Mas de Serra." />
<meta property="og:description" content="A JOAN CAÑELLAS GATELL li hem sol·licitat que ens comuniqués algunes de les seves dades personals per poder donar curs a la relació que mantenim ambdues parts, i per poder realitzar altres tasques relacionades. Tal com estableix el Reglament General de Protecció de Dades, des de la nostra entitat li oferim la següent informació detallada [&hellip;]" />
<meta property="og:url" content="https://masdeserra.cat/blog/informacio-detallada-sobre-proteccio-de-dades/" />
<meta property="og:site_name" content="Blog del Mas de Serra." />
<meta property="article:modified_time" content="2023-07-28T00:31:27+00:00" />
<meta name="twitter:card" content="summary_large_image" />
<meta name="twitter:label1" content="Temps estimat de lectura" />
	<meta name="twitter:data1" content="4 minuts" />
<script type="application/ld+json" class="yoast-schema-graph">{"@context":"https:\/\/schema.org","@graph":[{"@type":"WebPage","@id":"https:\/\/masdeserra.cat\/blog\/informacio-detallada-sobre-proteccio-de-dades\/","url":"https:\/\/masdeserra.cat\/blog\/informacio-detallada-sobre-proteccio-de-dades\/","name":"INFORMACIÓ DETALLADA SOBRE PROTECCIÓ DE DADES - Blog del Mas de Serra.","isPartOf":{"@id":"https:\/\/masdeserra.cat\/blog\/#website"},"datePublished":"2023-07-27T23:55:28+00:00","dateModified":"2023-07-28T00:31:27+00:00","breadcrumb":{"@id":"https:\/\/masdeserra.cat\/blog\/informacio-detallada-sobre-proteccio-de-dades\/#breadcrumb"},"inLanguage":"ca","potentialAction":[{"@type":"ReadAction","target":["https:\/\/masdeserra.cat\/blog\/informacio-detallada-sobre-proteccio-de-dades\/"]}]},{"@type":"BreadcrumbList","@id":"https:\/\/masdeserra.cat\/blog\/informacio-detallada-sobre-proteccio-de-dades\/#breadcrumb","itemListElement":[{"@type":"ListItem","position":1,"name":"Inici","item":"https:\/\/masdeserra.cat\/blog\/"},{"@type":"ListItem","position":2,"name":"INFORMACIÓ DETALLADA SOBRE PROTECCIÓ DE DADES"}]},{"@type":"WebSite","@id":"https:\/\/masdeserra.cat\/blog\/#website","url":"https:\/\/masdeserra.cat\/blog\/","name":"Blog del Mas de Serra.","description":"Turisme Rural - Agroturisme - Residència Casa de Pagès - Calçotades","potentialAction":[{"@type":"SearchAction","target":{"@type":"EntryPoint","urlTemplate":"https:\/\/masdeserra.cat\/blog\/?s={search_term_string}"},"query-input":{"@type":"PropertyValueSpecification","valueRequired":true,"valueName":"search_term_string"}}],"inLanguage":"ca"}]}</script>
<!-- / Yoast SEO plugin. -->

INFORMACIÓ DETALLADA SOBRE PROTECCIÓ DE DADES - Blog del Mas de Serra.

A JOAN CAÑELLAS GATELL li hem sol·licitat que ens comuniqués algunes de les seves dades personals per poder donar curs a la relació que mantenim ambdues parts, i per poder realitzar altres tasques relacionades. Tal com estableix el Reglament General de Protecció de Dades, des de la nostra entitat li oferim la següent informació detallada [&hellip;]

Turisme Rural - Agroturisme - Residència Casa de Pagès - Calçotades
